{"id":3,"date":"2022-12-05T10:18:48","date_gmt":"2022-12-05T09:18:48","guid":{"rendered":"https:\/\/www.fabularium-berlin.de\/?page_id=3"},"modified":"2026-01-20T13:46:51","modified_gmt":"2026-01-20T12:46:51","slug":"datenschutzerklaerung","status":"publish","type":"page","link":"https:\/\/www.fabularium-berlin.de\/de\/datenschutzerklaerung\/","title":{"rendered":"Ochrana osobn\u00edch \u00fadaj\u016f"},"content":{"rendered":"<div data-elementor-type=\"wp-page\" data-elementor-id=\"3\" class=\"elementor elementor-3\">\n\t\t\t\t\t\t<section class=\"elementor-section elementor-top-section elementor-element elementor-element-ddd0659 elementor-section-boxed elementor-section-height-default elementor-section-height-default\" data-id=\"ddd0659\" data-element_type=\"section\" data-e-type=\"section\">\n\t\t\t\t\t\t<div class=\"elementor-container elementor-column-gap-wide\">\n\t\t\t\t\t<div class=\"elementor-column elementor-col-100 elementor-top-column elementor-element elementor-element-fcada54\" data-id=\"fcada54\" data-element_type=\"column\" data-e-type=\"column\">\n\t\t\t<div class=\"elementor-widget-wrap elementor-element-populated\">\n\t\t\t\t\t\t<div class=\"elementor-element elementor-element-57f5232 elementor-widget elementor-widget-heading\" data-id=\"57f5232\" data-element_type=\"widget\" data-e-type=\"widget\" data-widget_type=\"heading.default\">\n\t\t\t\t<div class=\"elementor-widget-container\">\n\t\t\t\t\t<h2 class=\"elementor-heading-title elementor-size-default\">Satzung &amp; datenschutz des vereins fabularium <\/h2>\t\t\t\t<\/div>\n\t\t\t\t<\/div>\n\t\t\t\t\t<\/div>\n\t\t<\/div>\n\t\t\t\t\t<\/div>\n\t\t<\/section>\n\t\t\t\t<section class=\"elementor-section elementor-top-section elementor-element elementor-element-077e709 elementor-section-boxed elementor-section-height-default elementor-section-height-default\" data-id=\"077e709\" data-element_type=\"section\" data-e-type=\"section\">\n\t\t\t\t\t\t<div class=\"elementor-container elementor-column-gap-wide\">\n\t\t\t\t\t<div class=\"elementor-column elementor-col-100 elementor-top-column elementor-element elementor-element-119b917\" data-id=\"119b917\" data-element_type=\"column\" data-e-type=\"column\">\n\t\t\t<div class=\"elementor-widget-wrap elementor-element-populated\">\n\t\t\t\t\t\t<div class=\"elementor-element elementor-element-eba837e elementor-widget elementor-widget-heading\" data-id=\"eba837e\" data-element_type=\"widget\" data-e-type=\"widget\" data-widget_type=\"heading.default\">\n\t\t\t\t<div class=\"elementor-widget-container\">\n\t\t\t\t\t<h4 class=\"elementor-heading-title elementor-size-default\">I. Satzung <\/h4>\t\t\t\t<\/div>\n\t\t\t\t<\/div>\n\t\t\t\t<div class=\"elementor-element elementor-element-63a1cbf elementor-widget elementor-widget-text-editor\" data-id=\"63a1cbf\" data-element_type=\"widget\" data-e-type=\"widget\" data-widget_type=\"text-editor.default\">\n\t\t\t\t<div class=\"elementor-widget-container\">\n\t\t\t\t\t\t\t\t\t<p><b><\/b><b><a href=\"https:\/\/www.fabularium-berlin.de\/de\/satzung\/\">unter diesem link:\u00a0<\/a> <a href=\"https:\/\/www.fabularium-berlin.de\/de\/satzung\/\">https:\/\/www.fabularium-berlin.de\/satzung\/<\/a><\/b><\/p>\t\t\t\t\t\t\t\t<\/div>\n\t\t\t\t<\/div>\n\t\t\t\t\t<\/div>\n\t\t<\/div>\n\t\t\t\t\t<\/div>\n\t\t<\/section>\n\t\t\t\t<section class=\"elementor-section elementor-top-section elementor-element elementor-element-12c962a elementor-section-boxed elementor-section-height-default elementor-section-height-default\" data-id=\"12c962a\" data-element_type=\"section\" data-e-type=\"section\">\n\t\t\t\t\t\t<div class=\"elementor-container elementor-column-gap-wide\">\n\t\t\t\t\t<div class=\"elementor-column elementor-col-100 elementor-top-column elementor-element elementor-element-f2e0d56\" data-id=\"f2e0d56\" data-element_type=\"column\" data-e-type=\"column\">\n\t\t\t<div class=\"elementor-widget-wrap elementor-element-populated\">\n\t\t\t\t\t\t<div class=\"elementor-element elementor-element-693276b elementor-widget elementor-widget-heading\" data-id=\"693276b\" data-element_type=\"widget\" data-e-type=\"widget\" data-widget_type=\"heading.default\">\n\t\t\t\t<div class=\"elementor-widget-container\">\n\t\t\t\t\t<h4 class=\"elementor-heading-title elementor-size-default\">II. Datenschutzerkl\u00e4rung<\/h4>\t\t\t\t<\/div>\n\t\t\t\t<\/div>\n\t\t\t\t<div class=\"elementor-element elementor-element-b227954 elementor-widget elementor-widget-text-editor\" data-id=\"b227954\" data-element_type=\"widget\" data-e-type=\"widget\" data-widget_type=\"text-editor.default\">\n\t\t\t\t<div class=\"elementor-widget-container\">\n\t\t\t\t\t\t\t\t\t<p><b>1. Allgemeine Hinweise<\/b><\/p><p>Die folgenden Hinweise geben einen einfachen \u00dcberblick dar\u00fcber, was mit Ihren personenbezogenen Daten passiert, wenn Sie unsere Website besuchen oder das Anmeldeformular f\u00fcr die F\u00f6rdermitgliedschaft ausf\u00fcllen. Personenbezogene Daten sind alle Daten, mit denen Sie pers\u00f6nlich identifiziert werden k\u00f6nnen.<\/p><p>\u00a0<\/p><p><b>2. Verantwortliche Stelle<\/b><\/p><p>Verantwortlich f\u00fcr die Datenverarbeitung auf dieser Website ist:<\/p><p><b>Fabularium Kultur- und Bildungsverein e.V.\u00a0<\/b><\/p><p>Knaackstr. 99,<\/p><p>10435, Berlin<\/p><p>info@fabularium-berlin.de<\/p><p>\u00a0<\/p><p><b>3. Datenerfassung durch das Anmeldeformular<\/b><\/p><p>Wenn Sie sich f\u00fcr eine F\u00f6rdermitgliedschaft in unserem Klub der Freunde anmelden, erfassen wir folgende Daten:<\/p><p>\u2022 Vor- und Nachname<\/p><p>\u2022 E-Mail-Adresse<\/p><p>\u2022 Gew\u00e4hlte Mitgliedskategorie und ggf. den Betrag<\/p><p>\u2022 Einverst\u00e4ndnis zur Namensnennung (optional)<\/p><p><b>Zweck der Verarbeitung:<\/b> Diese Daten werden ausschlie\u00dflich zur Verwaltung Ihrer Mitgliedschaft, zur Kommunikation mit Ihnen (z. B. Best\u00e4tigungsmail, Informationen \u00fcber Veranstaltungen) und zur Abwicklung der Mitgliedsbeitr\u00e4ge verwendet.<\/p><p><b>Rechtsgrundlage:<\/b> Die Verarbeitung erfolgt auf Grundlage Ihrer Einwilligung sowie zur Erf\u00fcllung der satzungsgem\u00e4\u00dfen Zwecke des Vereins (Art. 6 Abs. 1 lit. b und f DSGVO).<\/p><p>\u00a0<\/p><p><b>4. Fotos und Videoaufnahmen (neu hinzugef\u00fcgt)<\/b><\/p><p>Im Rahmen unserer Veranstaltungen (z. B. Workshops, Feste, B\u00e4lle) werden regelm\u00e4\u00dfig Fotos und gelegentlich Videoaufnahmen gemacht. Diese dienen dazu, unsere Aktivit\u00e4ten zu dokumentieren und die Arbeit des Vereins nach au\u00dfen hin darzustellen.<\/p><p>\u2022 <b>Ver\u00f6ffentlichung:<\/b> Wir ver\u00f6ffentlichen ausgew\u00e4hlte Aufnahmen auf unserer Website, in sozialen Netzwerken (z. B. Facebook, Instagram) oder im Jahresbericht des Vereins.<\/p><p>\u2022 <b>Workshops und Kinder:<\/b> Bei Aktivit\u00e4ten mit Kindern achten wir besonders auf deren Schutz. Aufnahmen, auf denen Kinder im Fokus stehen, werden nur mit der Einwilligung der Erziehungsberechtigten ver\u00f6ffentlicht.<\/p><p>\u2022 <b>Widerspruchsrecht:<\/b> Sie haben jederzeit das Recht, der Ver\u00f6ffentlichung eines Fotos, auf dem Sie oder Ihr Kind erkennbar sind, zu widersprechen. Kontaktieren Sie uns in diesem Fall bitte per E-Mail, und wir werden das entsprechende Bild umgehend entfernen.<\/p><p>\u00a0<\/p><p><b>5. Teilnahme an Workshops<\/b><\/p><p>Bei der Anmeldung zu unseren Workshops erfassen wir zus\u00e4tzlich die Namen der teilnehmenden Kinder sowie ggf. Informationen zu Allergien oder besonderen Bed\u00fcrfnissen, sofern dies f\u00fcr die sichere Durchf\u00fchrung des Workshops notwendig ist. Diese Daten werden nach Abschluss des Projekts gel\u00f6scht, sofern keine gesetzlichen Aufbewahrungspflichten bestehen.<\/p><p>\u00a0<\/p><p><b>6. Weitergabe von Daten<\/b><\/p><p>Ihre Daten werden sicher behandelt und <b>nicht an Dritte weitergegeben<\/b>. Innerhalb des Vereins haben nur die vertretungsberechtigten Vorstandsmitglieder Zugriff auf Ihre Daten, die diese zur Erf\u00fcllung ihrer Aufgaben ben\u00f6tigen.<\/p><p>\u00a0<\/p><p><b>7. Speicherdauer<\/b><\/p><p>Ihre Daten werden so lange gespeichert, wie Ihre F\u00f6rdermitgliedschaft besteht. Nach Beendigung der Mitgliedschaft werden die Daten unter Ber\u00fccksichtigung der gesetzlichen (insbesondere steuerrechtlichen) Aufbewahrungsfristen gel\u00f6scht.<\/p><p>\u00a0<\/p><p><b>8. Ihre Rechte<\/b><\/p><p>Sie haben jederzeit das Recht:<\/p><p>\u2022 Auskunft \u00fcber Ihre bei uns gespeicherten Daten zu erhalten.<\/p><p>\u2022 Die Berichtigung oder L\u00f6schung Ihrer Daten zu verlangen.<\/p><p>\u2022 Ihre Einwilligung zur Datenverarbeitung mit Wirkung f\u00fcr die Zukunft zu widerrufen.<\/p><p>Wenden Sie sich hierzu bitte einfach an die oben genannte E-Mail-Adresse.<\/p><p>\u00a0<\/p><p><b>9. Nutzung von Google Forms<\/b><\/p><p>F\u00fcr unsere Anmeldung nutzen wir Google Forms. Die von Ihnen eingegebenen Daten werden auf den Servern von Google verarbeitet. Wir haben die notwendigen Einstellungen vorgenommen, um den Schutz Ihrer Daten gem\u00e4\u00df den europ\u00e4ischen Standards zu gew\u00e4hrleisten.<\/p>\t\t\t\t\t\t\t\t<\/div>\n\t\t\t\t<\/div>\n\t\t\t\t\t<\/div>\n\t\t<\/div>\n\t\t\t\t\t<\/div>\n\t\t<\/section>\n\t\t\t\t<section class=\"elementor-section elementor-top-section elementor-element elementor-element-01db8e2 elementor-section-boxed elementor-section-height-default elementor-section-height-default\" data-id=\"01db8e2\" data-element_type=\"section\" data-e-type=\"section\">\n\t\t\t\t\t\t<div class=\"elementor-container elementor-column-gap-default\">\n\t\t\t\t\t<div class=\"elementor-column elementor-col-100 elementor-top-column elementor-element elementor-element-50df3de\" data-id=\"50df3de\" data-element_type=\"column\" data-e-type=\"column\">\n\t\t\t<div class=\"elementor-widget-wrap elementor-element-populated\">\n\t\t\t\t\t\t<div class=\"elementor-element elementor-element-e3990a0 elementor-widget elementor-widget-spacer\" data-id=\"e3990a0\" data-element_type=\"widget\" data-e-type=\"widget\" data-widget_type=\"spacer.default\">\n\t\t\t\t<div class=\"elementor-widget-container\">\n\t\t\t\t\t\t\t<div class=\"elementor-spacer\">\n\t\t\t<div class=\"elementor-spacer-inner\"><\/div>\n\t\t<\/div>\n\t\t\t\t\t\t<\/div>\n\t\t\t\t<\/div>\n\t\t\t\t\t<\/div>\n\t\t<\/div>\n\t\t\t\t\t<\/div>\n\t\t<\/section>\n\t\t\t\t<\/div>","protected":false},"excerpt":{"rendered":"<p>Satzung &amp; datenschutz des vereins fabularium I. Satzung unter diesem link:\u00a0 https:\/\/www.fabularium-berlin.de\/satzung\/ II. Datenschutzerkl\u00e4rung 1. Allgemeine Hinweise Die folgenden Hinweise geben einen einfachen \u00dcberblick dar\u00fcber, was mit Ihren personenbezogenen Daten passiert, wenn Sie unsere Website besuchen oder das Anmeldeformular f\u00fcr die F\u00f6rdermitgliedschaft ausf\u00fcllen. Personenbezogene Daten sind alle Daten, mit denen Sie pers\u00f6nlich identifiziert werden k\u00f6nnen. [&hellip;]<\/p>\n","protected":false},"author":1,"featured_media":0,"parent":0,"menu_order":0,"comment_status":"closed","ping_status":"open","template":"","meta":{"inline_featured_image":false,"site-sidebar-layout":"default","site-content-layout":"","ast-site-content-layout":"","site-content-style":"default","site-sidebar-style":"default","ast-global-header-display":"","ast-banner-title-visibility":"","ast-main-header-display":"","ast-hfb-above-header-display":"","ast-hfb-below-header-display":"","ast-hfb-mobile-header-display":"","site-post-title":"disabled","ast-breadcrumbs-content":"","ast-featured-img":"","footer-sml-layout":"","theme-transparent-header-meta":"","adv-header-id-meta":"","stick-header-meta":"","header-above-stick-meta":"","header-main-stick-meta":"","header-below-stick-meta":"","astra-migrate-meta-layouts":"default","ast-page-background-enabled":"default","ast-page-background-meta":{"desktop":{"background-color":"var(--ast-global-color-4)","background-image":"","background-repeat":"repeat","background-position":"center center","background-size":"auto","background-attachment":"scroll","background-type":"","background-media":"","overlay-type":"","overlay-color":"","overlay-gradient":""},"tablet":{"background-color":"","background-image":"","background-repeat":"repeat","background-position":"center center","background-size":"auto","background-attachment":"scroll","background-type":"","background-media":"","overlay-type":"","overlay-color":"","overlay-gradient":""},"mobile":{"background-color":"","background-image":"","background-repeat":"repeat","background-position":"center center","background-size":"auto","background-attachment":"scroll","background-type":"","background-media":"","overlay-type":"","overlay-color":"","overlay-gradient":""}},"ast-content-background-meta":{"desktop":{"background-color":"var(--ast-global-color-5)","background-image":"","background-repeat":"repeat","background-position":"center center","background-size":"auto","background-attachment":"scroll","background-type":"","background-media":"","overlay-type":"","overlay-color":"","overlay-gradient":""},"tablet":{"background-color":"var(--ast-global-color-5)","background-image":"","background-repeat":"repeat","background-position":"center center","background-size":"auto","background-attachment":"scroll","background-type":"","background-media":"","overlay-type":"","overlay-color":"","overlay-gradient":""},"mobile":{"background-color":"var(--ast-global-color-5)","background-image":"","background-repeat":"repeat","background-position":"center center","background-size":"auto","background-attachment":"scroll","background-type":"","background-media":"","overlay-type":"","overlay-color":"","overlay-gradient":""}},"footnotes":""},"class_list":["post-3","page","type-page","status-publish","hentry"],"_links":{"self":[{"href":"https:\/\/www.fabularium-berlin.de\/de\/wp-json\/wp\/v2\/pages\/3","targetHints":{"allow":["GET"]}}],"collection":[{"href":"https:\/\/www.fabularium-berlin.de\/de\/wp-json\/wp\/v2\/pages"}],"about":[{"href":"https:\/\/www.fabularium-berlin.de\/de\/wp-json\/wp\/v2\/types\/page"}],"author":[{"embeddable":true,"href":"https:\/\/www.fabularium-berlin.de\/de\/wp-json\/wp\/v2\/users\/1"}],"replies":[{"embeddable":true,"href":"https:\/\/www.fabularium-berlin.de\/de\/wp-json\/wp\/v2\/comments?post=3"}],"version-history":[{"count":30,"href":"https:\/\/www.fabularium-berlin.de\/de\/wp-json\/wp\/v2\/pages\/3\/revisions"}],"predecessor-version":[{"id":3991,"href":"https:\/\/www.fabularium-berlin.de\/de\/wp-json\/wp\/v2\/pages\/3\/revisions\/3991"}],"wp:attachment":[{"href":"https:\/\/www.fabularium-berlin.de\/de\/wp-json\/wp\/v2\/media?parent=3"}],"curies":[{"name":"wp","href":"https:\/\/api.w.org\/{rel}","templated":true}]}}

Ochrana osobních údajů

<div data-elementor-type="wp-page" data-elementor-id="3" class="elementor elementor-3">
						<section class="elementor-section elementor-top-section elementor-element elementor-element-ddd0659 elementor-section-boxed elementor-section-height-default elementor-section-height-default" data-id="ddd0659" data-element_type="section" data-e-type="section">
						<div class="elementor-container elementor-column-gap-wide">
					<div class="elementor-column elementor-col-100 elementor-top-column elementor-element elementor-element-fcada54" data-id="fcada54" data-element_type="column" data-e-type="column">
			<div class="elementor-widget-wrap elementor-element-populated">
						<div class="elementor-element elementor-element-57f5232 elementor-widget elementor-widget-heading" data-id="57f5232" data-element_type="widget" data-e-type="widget" data-widget_type="heading.default">
				<div class="elementor-widget-container">
					<h2 class="elementor-heading-title elementor-size-default">Satzung &amp; datenschutz des vereins fabularium </h2>				</div>
				</div>
					</div>
		</div>
					</div>
		</section>
				<section class="elementor-section elementor-top-section elementor-element elementor-element-077e709 elementor-section-boxed elementor-section-height-default elementor-section-height-default" data-id="077e709" data-element_type="section" data-e-type="section">
						<div class="elementor-container elementor-column-gap-wide">
					<div class="elementor-column elementor-col-100 elementor-top-column elementor-element elementor-element-119b917" data-id="119b917" data-element_type="column" data-e-type="column">
			<div class="elementor-widget-wrap elementor-element-populated">
						<div class="elementor-element elementor-element-eba837e elementor-widget elementor-widget-heading" data-id="eba837e" data-element_type="widget" data-e-type="widget" data-widget_type="heading.default">
				<div class="elementor-widget-container">
					<h4 class="elementor-heading-title elementor-size-default">I. Satzung </h4>				</div>
				</div>
				<div class="elementor-element elementor-element-63a1cbf elementor-widget elementor-widget-text-editor" data-id="63a1cbf" data-element_type="widget" data-e-type="widget" data-widget_type="text-editor.default">
				<div class="elementor-widget-container">
									<p><b></b><b><a href="https://www.fabularium-berlin.de/de/satzung/">unter diesem link: </a> <a href="https://www.fabularium-berlin.de/de/satzung/">https://www.fabularium-berlin.de/satzung/</a></b></p>								</div>
				</div>
					</div>
		</div>
					</div>
		</section>
				<section class="elementor-section elementor-top-section elementor-element elementor-element-12c962a elementor-section-boxed elementor-section-height-default elementor-section-height-default" data-id="12c962a" data-element_type="section" data-e-type="section">
						<div class="elementor-container elementor-column-gap-wide">
					<div class="elementor-column elementor-col-100 elementor-top-column elementor-element elementor-element-f2e0d56" data-id="f2e0d56" data-element_type="column" data-e-type="column">
			<div class="elementor-widget-wrap elementor-element-populated">
						<div class="elementor-element elementor-element-693276b elementor-widget elementor-widget-heading" data-id="693276b" data-element_type="widget" data-e-type="widget" data-widget_type="heading.default">
				<div class="elementor-widget-container">
					<h4 class="elementor-heading-title elementor-size-default">II. Datenschutzerklärung</h4>				</div>
				</div>
				<div class="elementor-element elementor-element-b227954 elementor-widget elementor-widget-text-editor" data-id="b227954" data-element_type="widget" data-e-type="widget" data-widget_type="text-editor.default">
				<div class="elementor-widget-container">
									<p><b>1. Allgemeine Hinweise</b></p><p>Die folgenden Hinweise geben einen einfachen Überblick darüber, was mit Ihren personenbezogenen Daten passiert, wenn Sie unsere Website besuchen oder das Anmeldeformular für die Fördermitgliedschaft ausfüllen. Personenbezogene Daten sind alle Daten, mit denen Sie persönlich identifiziert werden können.</p><p> </p><p><b>2. Verantwortliche Stelle</b></p><p>Verantwortlich für die Datenverarbeitung auf dieser Website ist:</p><p><b>Fabularium Kultur- und Bildungsverein e.V. </b></p><p>Knaackstr. 99,</p><p>10435, Berlin</p><p>info@fabularium-berlin.de</p><p> </p><p><b>3. Datenerfassung durch das Anmeldeformular</b></p><p>Wenn Sie sich für eine Fördermitgliedschaft in unserem Klub der Freunde anmelden, erfassen wir folgende Daten:</p><p>• Vor- und Nachname</p><p>• E-Mail-Adresse</p><p>• Gewählte Mitgliedskategorie und ggf. den Betrag</p><p>• Einverständnis zur Namensnennung (optional)</p><p><b>Zweck der Verarbeitung:</b> Diese Daten werden ausschließlich zur Verwaltung Ihrer Mitgliedschaft, zur Kommunikation mit Ihnen (z. B. Bestätigungsmail, Informationen über Veranstaltungen) und zur Abwicklung der Mitgliedsbeiträge verwendet.</p><p><b>Rechtsgrundlage:</b> Die Verarbeitung erfolgt auf Grundlage Ihrer Einwilligung sowie zur Erfüllung der satzungsgemäßen Zwecke des Vereins (Art. 6 Abs. 1 lit. b und f DSGVO).</p><p> </p><p><b>4. Fotos und Videoaufnahmen (neu hinzugefügt)</b></p><p>Im Rahmen unserer Veranstaltungen (z. B. Workshops, Feste, Bälle) werden regelmäßig Fotos und gelegentlich Videoaufnahmen gemacht. Diese dienen dazu, unsere Aktivitäten zu dokumentieren und die Arbeit des Vereins nach außen hin darzustellen.</p><p>• <b>Veröffentlichung:</b> Wir veröffentlichen ausgewählte Aufnahmen auf unserer Website, in sozialen Netzwerken (z. B. Facebook, Instagram) oder im Jahresbericht des Vereins.</p><p>• <b>Workshops und Kinder:</b> Bei Aktivitäten mit Kindern achten wir besonders auf deren Schutz. Aufnahmen, auf denen Kinder im Fokus stehen, werden nur mit der Einwilligung der Erziehungsberechtigten veröffentlicht.</p><p>• <b>Widerspruchsrecht:</b> Sie haben jederzeit das Recht, der Veröffentlichung eines Fotos, auf dem Sie oder Ihr Kind erkennbar sind, zu widersprechen. Kontaktieren Sie uns in diesem Fall bitte per E-Mail, und wir werden das entsprechende Bild umgehend entfernen.</p><p> </p><p><b>5. Teilnahme an Workshops</b></p><p>Bei der Anmeldung zu unseren Workshops erfassen wir zusätzlich die Namen der teilnehmenden Kinder sowie ggf. Informationen zu Allergien oder besonderen Bedürfnissen, sofern dies für die sichere Durchführung des Workshops notwendig ist. Diese Daten werden nach Abschluss des Projekts gelöscht, sofern keine gesetzlichen Aufbewahrungspflichten bestehen.</p><p> </p><p><b>6. Weitergabe von Daten</b></p><p>Ihre Daten werden sicher behandelt und <b>nicht an Dritte weitergegeben</b>. Innerhalb des Vereins haben nur die vertretungsberechtigten Vorstandsmitglieder Zugriff auf Ihre Daten, die diese zur Erfüllung ihrer Aufgaben benötigen.</p><p> </p><p><b>7. Speicherdauer</b></p><p>Ihre Daten werden so lange gespeichert, wie Ihre Fördermitgliedschaft besteht. Nach Beendigung der Mitgliedschaft werden die Daten unter Berücksichtigung der gesetzlichen (insbesondere steuerrechtlichen) Aufbewahrungsfristen gelöscht.</p><p> </p><p><b>8. Ihre Rechte</b></p><p>Sie haben jederzeit das Recht:</p><p>• Auskunft über Ihre bei uns gespeicherten Daten zu erhalten.</p><p>• Die Berichtigung oder Löschung Ihrer Daten zu verlangen.</p><p>• Ihre Einwilligung zur Datenverarbeitung mit Wirkung für die Zukunft zu widerrufen.</p><p>Wenden Sie sich hierzu bitte einfach an die oben genannte E-Mail-Adresse.</p><p> </p><p><b>9. Nutzung von Google Forms</b></p><p>Für unsere Anmeldung nutzen wir Google Forms. Die von Ihnen eingegebenen Daten werden auf den Servern von Google verarbeitet. Wir haben die notwendigen Einstellungen vorgenommen, um den Schutz Ihrer Daten gemäß den europäischen Standards zu gewährleisten.</p>								</div>
				</div>
					</div>
		</div>
					</div>
		</section>
				<section class="elementor-section elementor-top-section elementor-element elementor-element-01db8e2 elementor-section-boxed elementor-section-height-default elementor-section-height-default" data-id="01db8e2" data-element_type="section" data-e-type="section">
						<div class="elementor-container elementor-column-gap-default">
					<div class="elementor-column elementor-col-100 elementor-top-column elementor-element elementor-element-50df3de" data-id="50df3de" data-element_type="column" data-e-type="column">
			<div class="elementor-widget-wrap elementor-element-populated">
						<div class="elementor-element elementor-element-e3990a0 elementor-widget elementor-widget-spacer" data-id="e3990a0" data-element_type="widget" data-e-type="widget" data-widget_type="spacer.default">
				<div class="elementor-widget-container">
							<div class="elementor-spacer">
			<div class="elementor-spacer-inner"></div>
		</div>
						</div>
				</div>
					</div>
		</div>
					</div>
		</section>
				</div>

<p>Satzung &amp; datenschutz des vereins fabularium I. Satzung unter diesem link:  https://www.fabularium-berlin.de/satzung/ II. Datenschutzerklärung 1. Allgemeine Hinweise Die folgenden Hinweise geben einen einfachen Überblick darüber, was mit Ihren personenbezogenen Daten passiert, wenn Sie unsere Website besuchen oder das Anmeldeformular für die Fördermitgliedschaft ausfüllen. Personenbezogene Daten sind alle Daten, mit denen Sie persönlich identifiziert werden können. [&hellip;]</p>
